y h?
54
Let f be -4*((-12)/3 + 51). Let u = f - -192. Calculate the remainder when 26 is divided by u.
2
Let r(d) = -3*d**2 - 114*d - 102. What is the remainder when r(-35) is divided by 79?
55
Let u(w) = -4*w**3 - 19*w**2 - 294*w + 22. Calculate the remainder when u(-9) is divided by 8.
5
Suppose -413*q = -211*q - 202808. Calculate the remainder when q is divided by 231.
80
Let l(o) = o**2 + o + 1. Let r be (41/(-2))/(2/(-4)). Let n = r + -38. Calculate the remainder when 60 is divided by l(n).
8
Suppose -k - 1469 = -3*x, -x + 473 = 5*k + 10. What is the remainder when x is divided by 25?
13
Suppose 5*s + g - 158 = 0, 3*s = g - 3*g + 92. Let u = 22 - 14. Let x = s - u. Calculate the remainder when 70 is divided by x.
22
Let f(l) be the first derivative of -l**4/4 + 4*l**3/3 + l**2 - 7*l + 35. What is the remainder when 36 is divided by f(3)?
4
Suppose -10*f + 21*f = 176. Suppose b + b + 5*o = 132, 4*o - 128 = -2*b. What is the remainder when b is divided by f?
8
Let g(u) = 3*u**2 + 61*u + 16. Let i be g(-20). What is the remainder when 53 is divided by (i/(-1))/2*9?
17
Suppose 4*q = q - 3*p - 3, -4*q = -4*p - 36. Let b be 74 + -6*(-8)/(-24). Suppose -q*v = 4*v - b. What is the remainder when v is divided by 7?
2
Suppose h + 3*y + 21 + 529 = 0, -2730 = 5*h - 5*y. What is the remainder when h/(-7) - 10/(-10 - -80) is divided by 9?
6
Let c be (-11876)/8 + 2/(-4). Let r be (90/3)/2*(-2)/(-5). What is the remainder when 2/((-5)/(c/r)) is divided by 25?
24
Let y(q) = q**2 - 5. Let h(p) be the third derivative of 5*p**4/24 + 2*p**3/3 + 12*p**2. Calculate the remainder when h(7) is divided by y(-5).
19
Let a(s) = s - 16. Let c be a(4). Let t be (28/c - -3)/((-2)/(-126)). Suppose 18 = 5*g - t. Calculate the remainder when 43 is divided by g.
7
Suppose 0*x + 4*x = 4. Let s(g) = 281*g - 8. What is the remainder when s(x) is divided by 92?
89
Suppose 0 = 2009*o - 1973*o - 13212. Calculate the remainder when o is divided by 105.
52
Suppose 167 - 373 - 349 = -15*v. Calculate the remainder when 607 is divided by v.
15
Let u(q) = -9*q**2 - 147*q + 33. Let h(a) = 6*a**2 + 98*a - 22. Let b(m) = 8*h(m) + 5*u(m). Calculate the remainder when b(-21) is divided by 57.
55
Let g be (465/124)/((-1)/(-12)). Suppose 0 = -5*r + 2*b + 47 + g, 3*r + 5*b - 80 = 0. Calculate the remainder when 51 is divided by r.
11
Suppose -3*g = 5*a - 4175, -5528 = -8*g + 4*g + 3*a. Calculate the remainder when g is divided by 63.
62
Suppose 0 = 22*p - 13*p - 594. Suppose 5*c + c = p. What is the remainder when 19 is divided by c?
8
Let b = 940 + -830. What is the remainder when b is divided by 26?
6
Suppose -4*d - 517 = -d - i, -2 = -2*i. Let s = d - -222. What is the remainder when 399 is divided by s?
49
Let z = 10841 - 10588. Calculate the remainder when z is divided by 46.
23
Let w(b) be the first derivative of -b**2/2 + b + 43. Suppose -38 - 82 = 6*i. Calculate the remainder when w(i) is divided by 8.
5
Suppose 71*y - 83*y - 96 = 0. Let s(g) = -g**3 - 7*g**2 - 5*g - 78. What is the remainder when s(y) is divided by 9?
8
Suppose -5*g = -i + 17 + 27, g + 64 = i. Let s be 2 - (-113 + 3 + -2 - 4). Let x = s - i. Calculate the remainder when x is divided by 17.
15
Let x(b) = -b**2 - 14*b - 19. Let p be x(-11). Let c = 118 + p. Suppose -4*i = -4*k + c, 5*i + 66 = -0*k + 2*k. What is the remainder when k is divided by 18?
15
Let o = 4198 + -4156. What is the remainder when 550 is divided by o?
4
Let r = -153 - -153. Let q(c) = c**2 - 2*c + 9. What is the remainder when 115 is divided by q(r)?
7
Let m be (-4)/(10 + -2)*-276. Let x = -136 + m. Calculate the remainder when 26 is divided by x.
0
Suppose 5*x + 4*c - 162 = 0, 3*c - 4 = -25. Calculate the remainder when 3945 is divided by x.
31
What is the remainder when 475 is divided by (-309)/(-6) + (22/(-55))/(12/75)?
34
Let l be (-17)/(85/(-2)) + 4/(-10). Suppose -5*d - 61 + 176 = l. Suppose -351 = -5*n + 329. Calculate the remainder when n is divided by d.
21
Suppose -3*a + 42 - 118 = -c, -5*a + 340 = 5*c. Calculate the remainder when 834 is divided by c.
64
Suppose -18*p - 4 = -454. Suppose -36*s = -p*s - 165. What is the remainder when s is divided by 12?
3
Suppose 32*z - 3*t + 19128 = 37*z, 3*t = -z + 3828. Calculate the remainder when z is divided by 66.
63
Calculate the remainder when (-228732)/(-2058) + (-1)/7 is divided by 58.
53
Let r(b) = b**2 - 83*b - 1151. What is the remainder when 633 is divided by r(-14)?
12
Let x = 21 - 8. Calculate the remainder when (-6)/4*-10*(-124)/(-12) is divided by x.
12
Suppose -10*d - 8*d + 828 = 0. Let o = 4 - 1. Suppose o*x + 0*x = -2*w + 18, -3*w + 30 = 5*x. Calculate the remainder when d is divided by x.
4
Let o = 80 - -66. Suppose -o = -g + 4*b, g - 6*b = -3*b + 148. Calculate the remainder when g is divided by 36.
10
Let w = -2473 - -2623. Calculate the remainder when 10798 is divided by w.
148
What is the remainder when 291 is divided by (-20100)/603*(-18)/4?
141
Let x be (-5)/((-30)/(-196)) + (-3)/9. What is the remainder when 28 + x - (-1016)/2 is divided by 22?
19
Suppose 19*x + 32*x - 28705 + 10651 = 0. What is the remainder when x is divided by 118?
0
Let z = -639 + 753. Let h(s) = s**3 + 8*s**2 + 7*s - 8. Calculate the remainder when z is divided by h(-6).
4
Let r(v) = -2*v**2 - 348*v - 2954. What is the remainder when 297 is divided by r(-9)?
9
Let h = 5 - 1. Suppose 4*t + 169 = -0*g + g, h*g - 600 = -3*t. Suppose -27 = -3*r + 12. Calculate the remainder when g is divided by r.
10
Let f(x) = -153*x - 1013. What is the remainder when 2839 is divided by f(-7)?
55
Let n(u) = u**2 + 6*u + 17. Let y(k) be the second derivative of k**4 + k**3/6 + 3*k**2/2 + 33*k. What is the remainder when y(-4) is divided by n(-5)?
11
Let f(h) = -13*h - 22. Let w be f(-6). Let z be -1 + w/(-12)*-3. Suppose 735 = z*s - 8*s. Calculate the remainder when s is divided by 37.
36
Let t = 10 - -2. What is the remainder when 4*(-133)/(-152)*(-148)/(-14) is divided by t?
1
Let f(w) = -8*w**2 + 154*w + 20. Calculate the remainder when 1210 is divided by f(19).
50
Calculate the remainder when 1/((-6)/51 - (-12813)/108477) is divided by 19.
18
Suppose -2*f = 8*w - 1412, 2*w + 57 - 407 = -2*f. Calculate the remainder when w is divided by 145.
32
Suppose -5*c - 3*p + 2436 = -2*c, 0 = -3*c + 3*p + 2424. What is the remainder when 232 is divided by 9/(-6) + c/20?
37
Suppose -30 - 2 = -4*n. Let f = 50 - 50. Suppose f = 2*k + 2*s - 54, -4*k + s + 144 = -4*s. What is the remainder when k is divided by n?
7
Calculate the remainder when (-4)/(20/385)*(10 - (-976)/(-28)) is divided by 192.
186
Let q(y) = -5*y + 141. Let h be q(24). Calculate the remainder when ((-6)/5*12)/(h/(-70)) is divided by 13.
9
Let i be 147/6*(-528)/(-154). Suppose -20*m = -18*m - i. What is the remainder when m is divided by 15?
12
Let v = 3745 + -3723. Calculate the remainder when 37 is divided by v.
15
Let b = -5677 + 5693. Calculate the remainder when 39 is divided by b.
7
Let x be (-4 - 120/6) + -5. Let z = x + 63. Calculate the remainder when z is divided by (6 + -3)/(2/12).
16
Calculate the remainder when 499 is divided by (107 - 2)/(((-396)/(-16))/33).
79
Let f be 6/(((-105)/(-2))/7)*5. Suppose 24*d - f*d - 3080 = 0. Calculate the remainder when d is divided by 53.
48
Let k = -1456 + 1773. Calculate the remainder when k is divided by 67.
49
Suppose -4*s = 5*k + 249, -s + 56 = -2*s + 5*k. Let y = -32 - s. Let m = 138894 - 138840. Calculate the remainder when m is divided by y.
25
Suppose 0 = 23*j - 259 - 247. Suppose 0*n + 170 = 2*n. What is the remainder when n is divided by j?
19
What is the remainder when ((-2178)/2)/((-10)/175 + (-909)/630) is divided by 9?
6
Let c(p) = p**3 - 10*p**2 + 2*p + 4. Let q be (-8*329)/(-8) - (-15)/(-3). Let h = -264 + q. Calculate the remainder when h is divided by c(10).
12
Suppose 0 = -4*t - n - 1530, 32*n = 5*t + 29*n + 1921. What is the remainder when -4 - (1*t + (20 - 24)) is divided by 55?
53
Calculate the remainder when -4*126/(-96)*56/42*1321 is divided by 136.
135
Let q be (-10)/135 - 2152/108. Let b = 82 - q. Calculate the remainder when b is divided by 55.
47
Let c be ((-3)/((-27)/(-39)))/((-5)/90). Calculate the remainder when (c/15)/(4/(-480)*-3) is divided by 7.
5
Suppose 2244 + 156 = 24*j. What is